tiple of 23?
True
Is 362 a factor of 429694?
True
Is 5126867 a multiple of 433?
False
Does 27 divide 3008817?
False
Is 886864 a multiple of 832?
False
Does 245 divide 7969564?
False
Is 1392 a factor of 9647952?
True
Is 102 a factor of 1838152?
False
Does 56 divide 66024?
True
Is 4 a factor of 84638?
False
Is 16239 a multiple of 5?
False
Is 724864 a multiple of 14?
True
Is 617 a factor of 717262?
False
Is 40 a factor of 340375?
False
Is 1057804 a multiple of 116?
True
Does 18 divide 6633?
False
Is 124 a factor of 1875128?
True
Does 5 divide 285555?
True
Is 61 a factor of 8677372?
True
Is 536202 a multiple of 14?
False
Is 3 a factor of 235887?
True
Is 8471 a multiple of 15?
False
Is 317 a factor of 1045783?
True
Is 101068 a multiple of 188?
False
Is 259099 a multiple of 14?
False
Is 832232 a multiple of 92?
True
Is 658 a factor of 1351532?
True
Is 13 a factor of 9233193?
False
Does 131 divide 12544836?
False
Does 17 divide 5627?
True
Is 469 a factor of 11358711?
True
Is 42 a factor of 253351?
False
Is 2926152 a multiple of 513?
True
Does 50 divide 170900?
True
Is 22 a factor of 708807?
False
Is 193131 a multiple of 9?
True
Is 7780905 a multiple of 1089?
True
Is 36 a factor of 167781?
False
Is 1610 a multiple of 7?
True
Does 1322 divide 9082140?
True
Is 343 a factor of 741909?
True
Is 81 a factor of 82714?
False
Is 377 a factor of 1150227?
True
Is 27 a factor of 2139183?
True
Is 1136 a factor of 989056?
False
Is 219065 a multiple of 73?
False
Is 531 a factor of 253818?
True
Does 69 divide 27419?
False
Is 2204718 a multiple of 34?
False
Does 42 divide 11004?
True
Is 1840960 a multiple of 32?
True
Is 558 a factor of 1839784?
False
Is 262 a factor of 1600820?
True
Is 50 a factor of 6609963?
False
Is 28 a factor of 2392118?
False
Does 24 divide 113409?
False
Is 39 a factor of 98318?
False
Is 96365 a multiple of 21?
False
Does 37 divide 9803117?
False
Is 49 a factor of 1808877?
False
Is 57092 a multiple of 4?
True
Is 499776 a multiple of 57?
True
Does 25 divide 295925?
True
Is 58 a factor of 1029570?
False
Is 497622 a multiple of 97?
False
Does 13 divide 7123389?
True
Is 246772 a multiple of 191?
True
Is 6313890 a multiple of 106?
True
Does 10 divide 1989840?
True
Is 15 a factor of 131160?
True
Does 105 divide 37881?
False
Does 2 divide 893414?
True
Is 1688190 a multiple of 14?
True
Is 333264 a multiple of 424?
True
Is 217525 a multiple of 77?
True
Does 295 divide 1895670?
True
Is 252052 a multiple of 151?
False
Is 999138 a multiple of 4?
False
Is 67855 a multiple of 41?
True
Does 1208 divide 2754139?
False
Is 1164 a factor of 1051092?
True
Is 47 a factor of 1537746?
True
Is 1357517 a multiple of 2045?
False
Is 1001685 a multiple of 60?
False
Is 346032 a multiple of 534?
True
Is 1653736 a multiple of 4?
True
Is 10 a factor of 616403?
False
Is 126 a factor of 18168496?
False
Does 393 divide 1197823?
False
Does 13 divide 1637493?
True
Does 19 divide 99275?
True
Is 629655 a multiple of 168?
False
Does 154 divide 147100?
False
Does 663 divide 1890961?
False
Does 18 divide 160164?
True
Is 3905209 a multiple of 11?
True
Is 6 a factor of 1434?
True
Is 178 a factor of 290731?
False
Is 26019 a multiple of 10?
False
Is 867672 a multiple of 36?
True
Is 667 a factor of 1295314?
True
Is 67 a factor of 50719?
True
Does 24 divide 14725?
False
Does 1075 divide 13109625?
True
Is 774805 a multiple of 2428?
False
Does 6 divide 569061?
False
Is 335 a factor of 7986209?
False
Does 125 divide 2981035?
False
Is 6 a factor of 856666?
False
Does 9 divide 15291?
True
Is 21405 a multiple of 255?
False
Is 833074 a multiple of 19?
True
Does 14 divide 3241?
False
Is 16 a factor of 1909988?
False
Is 2089570 a multiple of 5?
True
Is 6 a factor of 12405171?
False
Does 2 divide 1032414?
True
Is 129888 a multiple of 3?
True
Is 7 a factor of 1712186?
True
Does 29 divide 16430472?
True
Does 150 divide 759444?
False
Is 11 a factor of 95183?
True
Is 25624730 a multiple of 360?
False
Is 16 a factor of 2760825?
False
Is 21 a factor of 3469358?
False
Is 317061 a multiple of 9?
True
Is 317 a factor of 5143325?
True
Is 3397160 a multiple of 1880?
True
Is 3 a factor of 127411?
False
Is 46 a factor of 192142?
True
Is 18 a factor of 146248?
False
Is 9 a factor of 227762?
False
Is 444 a factor of 8557344?
False
Does 35 divide 238509?
False
Is 142 a factor of 1005644?
True
Is 1081 a multiple of 20?
False
Is 3 a factor of 1441944?
True
Is 156032 a multiple of 92?
True
Is 919191 a multiple of 637?
True
Does 141 divide 329089?
False
Is 208 a factor of 2619059?
False
Does 212 divide 4678504?
False
Is 2342474 a multiple of 187?
False
Is 2320862 a multiple of 8?
False
Is 28 a factor of 87012?
False
Is 11 a factor of 169483?
False
Is 1664875 a multiple of 42?
False
Does 2 divide 31461?
False
Does 364 divide 2255794?
False
Does 18 divide 6015797?
False
Is 41 a factor of 437019?
True
Does 33 divide 8674222?
False
Is 38318 a multiple of 6?
False
Is 93 a factor of 611737?
False
Does 866 divide 12571820?
False
Does 2 divide 28859?
False
Is 27 a factor of 711153?
True
Does 262 divide 12387098?
True
Is 10 a factor of 733530?
True
Is 250264 a multiple of 574?
True
Is 119137 a multiple of 37?
False
Is 1765022 a multiple of 278?
True
Is 6 a factor of 103920?
True
Does 35 divide 666548?
False
Does 20 divide 38397226?
False
Is 543 a factor of 1001066?
False
Is 9944880 a multiple of 660?
True
Does 230 divide 209760?
True
Is 81 a factor of 52652?
False
Does 11 divide 36587?
False
Does 18 divide 20628?
True
Is 9280 a multiple of 29?
True
Is 1606900 a multiple of 4?
True
Is 317650 a multiple of 13?
False
Is 38 a factor of 1340113?
False
Is 5 a factor of 150590?
True
Does 195 divide 2200770?
True
Is 415426 a multiple of 3?
False
Does 115 divide 1039272?
False
Is 434141 a multiple of 49?
False
Does 22 divide 6856146?
True
Is 447417 a multiple of 28?
False
Is 7589691 a multiple of 42?
False
Is 3205103 a multiple of 89?
False
Is 2 a factor of 958316?
True
Does 25 divide 1323400?
True
Does 61 divide 151625?
False
Does 20 divide 201966?
False
Is 317552 a multiple of 2?
True
Does 43 divide 277245?
False
Is 3931 a multiple of 4?
False
Does 627 divide 186120?
False
Is 7981188 a multiple of 294?
False
Is 932 a factor of 243565?
False
Is 26 a factor of 6212284?
True
Is 5855958 a multiple of 48?
False
Does 126 divide 49851?
False
Does 720 divide 3348125?
False
Is 1959705 a multiple of 6?
False
Is 126 a factor of 228186?
True
Is 176778 a multiple of 23?
True
Does 277 divide 11810345?
False
Does 332 divide 123248?
False
Does 13 divide 457216?
False
Does 24 divide 1222656?
True
Does 10 divide 9225210?
True
Does 185 divide 428275?
True
Is 40 a factor of 291781?
False
Is 785364 a multiple of 12?
True
Is 99 a factor of 2051775?
True
Is 1007408 a multiple of 1594?
True
Is 24 a factor of 20363509?
False
Is 240130 a multiple of 74?
True
Is 66 a factor of 37687?
False
Is 332 a factor of 577142?
False
Is 27 a factor of 10503?
True
Is 633 a factor of 1928751?
True
Does 48 divide 295271?
False
Is 13 a factor of 486031?
True
Does 438 divide 4006386?
True
Does 18 divide 96956?
False
Does 43 divide 1681128?
True
Is 81 a factor of 226719?
True
Is 1952907 a multiple of 1023?
True
Is 71065 a multiple of 61?
True
Is 55 a factor of 2833620?
False
Is 578 a factor of 621928?
True
Is 30 a factor of 9418470?
True
Is 1048021 a multiple of 49?
False
Is 237343 a multiple of 10?
False
Is 418 a factor of 2572007?
False
Is 8 a factor of 45344?
True
Is 5100 a multiple of 10?
True
Does 184 divide 85714?
False
Is 5691182 a multiple of 392?
False
Is 8 a factor of 4182600?
True
Is 4 a factor of 210111?
False
Is 76265 a multiple of 5?
True
Is 51167 a multiple of 14?
False
Is 11729 a multiple of 37?
True
Is 6 a factor of 14231?
False
Does 897 divide 7414602?
True
Does 63 divide 202293?
True
Is 7 a factor of 653996?
True
Is 15133 a multiple of 93?
False
Is 2474553 a multiple of 853?
True
Is 396 a factor of 437275?
False
Is 12 a factor of 2930739?
False
Is 605 a factor of 2922150?
True
Does 68 divide 158440?
True
Is 5378760 a multiple of 45?
True
Is 212 a factor of 12189?
False
Is 11 a factor of 16054434?
True
Does 39 divide 292695?
True
Is 2 a factor of 576?
True
Is 16110 even?
True
Does 754 divide 239018?
True
Is 900144 a multiple of 11?
False
Is 1351960 a multiple 